dreds digit of v?
1
Let z(n) = n**2 + n - 5. Let k be (-6)/9 + (-2)/(-3). Suppose k = x + 3*x + 24. What is the units digit of z(x)?
5
Let m = 18 + -28. Let j be m/(-2)*(-81)/(-45). Suppose 249 - j = 5*y. What is the units digit of y?
8
Let n(k) = -81*k - 324. What is the units digit of n(-23)?
9
Let s(a) = 39*a + 10. What is the hundreds digit of s(11)?
4
Suppose 7*h = 2*h + 15. Suppose -z = d, -h = -5*d - 3*z + 3. What is the units digit of (-34 + 0)*d/(-3)?
4
Let q be 152/(-10) - (-2)/10. Suppose 5*n - 6 = -166. Let g = q - n. What is the tens digit of g?
1
Let h be (5 - 4)*1144 - 2*2. Suppose -2*s + h = 8*s. What is the tens digit of s?
1
Let c(n) = n**2 - n + 8. What is the units digit of c(-5)?
8
What is the tens digit of (-10 - 909/(-45))/((-1)/(-85))?
6
Let l(j) = 51*j**2 - 5*j - 2. Let h be l(3). Let r = h + -286. What is the units digit of r?
6
Suppose 6*k + 324 = -0*k. Let d = -107 + 182. Let b = d + k. What is the tens digit of b?
2
Let x(v) = -v**3 - 25*v**2 + 28*v - 37. What is the tens digit of x(-27)?
6
Suppose 2*a - 1715 = -5*g, -3*a - 3438 = -7*a - 2*g. What is the hundreds digit of a?
8
Suppose 0 = -5*x - j + 153, -j + 61 + 2 = 2*x. Let g = x - 38. What is the units digit of (-6)/g + (-101)/(-4)?
6
Let t(a) = 44*a + 19. What is the hundreds digit of t(10)?
4
Suppose 63*r + 15*r = 48438. What is the hundreds digit of r?
6
Let a = 3417 - 932. What is the thousands digit of a?
2
Let j be 16/(-20) - 4102/10. Let m = -244 - j. What is the hundreds digit of m?
1
Let x be 35/(-10)*2*-35. Suppose -5*u = -110 - x. What is the tens digit of u?
7
Let q be 0/(-4) - (4 + -4). Suppose -x - 411 = -4*t, q = -2*t - 3*t - 4*x + 540. What is the units digit of t?
4
Suppose 13*p = 9*p. Suppose -5*v - u + 12 = p, 5*u = 2*v + v + 4. Suppose -j + 19 = w, 0 = -v*j + 2*w + 1 + 25. What is the units digit of j?
6
Let z(h) = 3*h + 6. Let f be z(-2). Let y be (-4)/(-18) + 14562/81. Suppose 7*k - 16 - y = f. What is the tens digit of k?
2
Suppose -b + 3 = 1. Suppose -d + 171 = b*d. What is the units digit of d?
7
Let i(x) = 0*x**2 - 15 + 2*x**2 + 5 - 2*x. What is the tens digit of i(-5)?
5
Let l(g) = -g**2 - 20*g + 1. Let i = 46 - 66. What is the units digit of l(i)?
1
Let v(n) = 3*n**2 + n - 4. Suppose x + w - 36 = 5*x, -3*x - w - 20 = 0. Let i be x/(-12)*9/(-2). What is the tens digit of v(i)?
2
Let g(u) = 3*u**2 + 3*u - 4. Let p = -2 + 4. Suppose 0 = 2*i + p*i + 16. What is the tens digit of g(i)?
3
What is the tens digit of (-1287 + -7 + 9)/(-1)?
8
Let r(t) = 45*t - 148. What is the tens digit of r(35)?
2
Let y = -9 + 13. Suppose -3*k = 5*n - 31, -2*n - 10 = -y*n. Let b(m) = 25*m - 8. What is the units digit of b(k)?
2
Suppose 1705 = 47*j - 42*j. What is the hundreds digit of j?
3
Suppose k = -2*p + 2 - 7, k = p + 1. Let i = p + 8. What is the units digit of -1 + i*(-48)/(-9)?
1
Let o(j) = 7*j - 4. Let m be o(3). Let z = m - 27. Let p(s) = s**2 + 10*s + 3. What is the units digit of p(z)?
3
Let k(t) = t**3 - 7*t**2 - 7*t + 10. Let u be k(4). What is the units digit of (44/u)/((-2)/162)?
4
Let m = 2797 - -495. What is the thousands digit of m?
3
Let f = -2 - -6. Suppose -4 = 5*g - 5*y + 11, 0 = f*g + y - 13. Suppose -s = -g*m + 55, m + 3*m - 3*s = 111. What is the tens digit of m?
2
Let c be (-2)/(-5) - (-1434)/15. What is the tens digit of (c/40)/((-6)/(-100))?
4
Let y(l) = l**3 + 7*l**2 - 9*l - 3. Let p be y(-8). Suppose 5*g + 185 = p*o, 3*o + 0*o - 2*g = 111. What is the tens digit of o?
3
Let r(n) = n**3 - 6*n**2 - 9*n - 14. Let s be r(-6). Let u = -220 - s. What is the tens digit of u?
7
Let c(u) = 533*u - 23. What is the hundreds digit of c(1)?
5
Let r be 318 + -4 + 6 + -3. Let k = r - 211. What is the units digit of k?
6
What is the thousands digit of (-60752)/(-30) + (-53)/795?
2
What is the thousands digit of -571*((-36)/126)/((-1)/(-7))?
1
Let q(g) = 7*g**2 + 3*g + 4. Let j(d) = -8*d**2 - 3*d - 4. Let h(y) = -4*j(y) - 3*q(y). What is the units digit of h(-1)?
2
Suppose -2*t - 14 = o - 0, -o - 8 = 4*t. Let n = 136 - o. What is the hundreds digit of n?
1
Let z be (-4)/14 + 4/14. Suppose 2*n - 4*n + 30 = z. Let d = n - 14. What is the units digit of d?
1
Suppose 4862 = 14*n + 8*n. What is the hundreds digit of n?
2
Let b = 21 - 24. Let z(v) = 8*v**2 - v - 3. What is the tens digit of z(b)?
7
Suppose 24*w = 19*w + 25. Suppose w*u - 5*m - 870 = 0, -u + 0*m = m - 178. What is the hundreds digit of u?
1
Let d = -374 - -756. What is the hundreds digit of d?
3
Let u(f) = -f - 2. Let t be u(0). Let b(w) = 6*w**2 + 2*w - 2. Let y be b(t). Suppose 5*a - 172 = y. What is the tens digit of a?
3
Let a = -1019 - -1997. What is the tens digit of a?
7
Let m = 30 + -25. Suppose i - 183 = -3*d, -i = -m*i. What is the tens digit of d?
6
Let z be -6 + 77/14 - (-11750)/4. Suppose -7*x + z - 1166 = 0. What is the hundreds digit of x?
2
Let h(z) be the second derivative of -4*z**3 - 12*z. What is the tens digit of h(-1)?
2
Let j(p) = 384*p - 5. Let q be j(1). Suppose 0 = -5*m + 4*k + q + 7, 4*k = 2*m - 152. What is the units digit of m?
8
Suppose 0 = -201*l + 199*l + 842. What is the units digit of l?
1
Suppose 0 = x - 6*x + 100. Let l = x - 4. What is the units digit of 41*1 + l + -15?
2
Let z(a) be the second derivative of -9*a**3 + 11*a**2/2 - 42*a. What is the units digit of z(-3)?
3
Suppose j = i - 28, -j + 68 = -5*i + 8*i. What is the tens digit of i?
2
Let n(b) = -205*b + 2. What is the units digit of n(-2)?
2
Suppose 2*q - 4556 = 4*f, -3*q - 24*f + 6866 = -22*f. What is the units digit of q?
6
Suppose 2*p = 2*r + 76, -3*p - 2*r + 124 = -0*r. Suppose -v + 16 = -p. Let w = -22 + v. What is the units digit of w?
4
Let p = 33 - 30. Let q be (1/(-2))/(p/(-318)). Let w = -27 + q. What is the units digit of w?
6
Let h be 0/((-2)/(6/(-3))). Suppose 5*g = 4*g - c + 34, h = -4*g + 3*c + 129. What is the tens digit of g?
3
Let v = 3315 + -1349. What is the tens digit of v?
6
Let g(j) be the first derivative of -6*j**2 - 44*j + 54. What is the tens digit of g(-13)?
1
Let b(z) = z**2 + 2*z - 10. Suppose 3*t - 36 = 7*t. What is the units digit of b(t)?
3
Let b be (1 - 4)/((-3)/2). Suppose 0 = -4*i + b*a + 10, 4*i + 2*a + 2*a = 16. Suppose 2*y - 90 = -5*m, -2*m = -i*m + 3*y + 18. What is the units digit of m?
8
Let o be 6/3 - 6/(-2). Suppose 268 = 9*v - o*v. What is the tens digit of v?
6
Let j(r) = -346*r - 18. What is the units digit of j(-1)?
8
Let l(n) = -42*n + 1. Let u be l(-4). Let x = u - 69. What is the units digit of x?
0
Suppose -12 = -2*y - 2. Let l = 5 + 18. Suppose l = y*w - 107. What is the units digit of w?
6
Suppose 0*b - 2466 = -6*b. Suppose 7*d - 4*d - b = 0. What is the hundreds digit of d?
1
Suppose 293 = -299*o + 300*o. What is the tens digit of o?
9
Suppose 9*a - 113 = -41. What is the units digit of (2/(-10) - a/10)*-5?
5
Let m be 4/(-2)*1*3/1. What is the tens digit of (1 - (-290)/(-2))*3/m?
7
Let n(b) = b**3 - 3*b**2 + 5*b - 6. Suppose 5*o - 50 = -2*w, 4*w + w - 92 = 4*o. Suppose q + 4*q = w. What is the units digit of n(q)?
0
Suppose -2*m + 451 = -1151. What is the units digit of m?
1
Suppose 0 = 2*d - 388 - 3824. What is the tens digit of d?
0
Let l = -24 - -473. What is the units digit of l?
9
Let y = -38 + 40. What is the tens digit of (-1 + 0 + y)*50?
5
Let g be 1288/5 + (-6)/10. Suppose 4 = -l - 0*l, g = 5*m + 2*l. Suppose 3*w - m - 10 = 5*y, 3*w - y - 75 = 0. What is the units digit of w?
6
Let b(c) = 42*c + 22. Let k be b(3). Suppose -5*i = 2*x - 284, x - k = -2*i + i. What is the tens digit of x?
5
Let t = 13 - 7. Let p(u) = -u**3 + 6*u**2 + 3. Let k be p(t). What is the units digit of (0 + 12 - k) + 2?
1
Let n(j) = 8*j**2 - 30. What is the thousands digit of n(13)?
1
Suppose -10217 = -22*j + 3027. What is the hundreds digit of j?
6
Let g be (-6)/10*405/(-9). Let o = -21 + g. Suppose -k = -o*k + j + 58, 66 = 5*k + 3*j. What is the tens digit of k?
1
Let v(w) = w**3 - 7*w**2 + 8*w - 6. Let y(s) = s**3 - 8*s**2 + 9*s - 7. Let m(r) = 7*v(r) - 6*y(r). Let f = 4 - 1. What is the units digit of m(f)?
4
Suppose 0*n + j - 43 = -n, -5*j - 10 = 0. What is the units digit of n?
5
Let h be 145 - ((-9)/(-3) - 1). Suppose -3*c + h = -5*n, 4*c - 53 = 3*n + 123. Suppose -2*q = -3 - c. What is the units digit of q?
2
What is the units digit of (-24)